ts digit of 1452?
2
What is the units digit of 20710?
0
What is the hundreds digit of 13513?
5
What is the units digit of 28242?
2
What is the thousands digit of 1574?
1
What is the thousands digit of 15910?
5
What is the tens digit of 4741?
4
What is the units digit of 571?
1
What is the units digit of 603?
3
What is the tens digit of 3339?
3
What is the tens digit of 1413?
1
What is the thousands digit of 6887?
6
What is the units digit of 597?
7
What is the ten thousands digit of 10793?
1
What is the tens digit of 9059?
5
What is the units digit of 589?
9
What is the hundreds digit of 4104?
1
What is the hundreds digit of 64977?
9
What is the units digit of 835?
5
What is the units digit of 10464?
4
What is the tens digit of 979?
7
What is the tens digit of 6125?
2
What is the tens digit of 2137?
3
What is the units digit of 4560?
0
What is the hundreds digit of 782?
7
What is the tens digit of 1879?
7
What is the hundred thousands digit of 156167?
1
What is the thousands digit of 4203?
4
What is the hundreds digit of 139?
1
What is the units digit of 1779?
9
What is the units digit of 1096?
6
What is the units digit of 8029?
9
What is the hundreds digit of 3542?
5
What is the hundreds digit of 1833?
8
What is the hundreds digit of 16043?
0
What is the tens digit of 12085?
8
What is the thousands digit of 8211?
8
What is the hundreds digit of 864?
8
What is the ten thousands digit of 30437?
3
What is the units digit of 18746?
6
What is the ten thousands digit of 14275?
1
What is the units digit of 674?
4
What is the tens digit of 11912?
1
What is the thousands digit of 6249?
6
What is the tens digit of 264?
6
What is the thousands digit of 22208?
2
What is the tens digit of 138862?
6
What is the units digit of 17236?
6
What is the hundreds digit of 8144?
1
What is the units digit of 26593?
3
What is the ten thousands digit of 46096?
4
What is the hundreds digit of 961?
9
What is the units digit of 5574?
4
What is the hundreds digit of 1736?
7
What is the units digit of 3484?
4
What is the thousands digit of 40963?
0
What is the thousands digit of 2530?
2
What is the tens digit of 67644?
4
What is the hundreds digit of 908?
9
What is the tens digit of 1918?
1
What is the thousands digit of 90494?
0
What is the thousands digit of 4977?
4
What is the ten thousands digit of 41003?
4
What is the units digit of 670?
0
What is the hundreds digit of 43968?
9
What is the hundreds digit of 1543?
5
What is the tens digit of 635?
3
What is the tens digit of 18823?
2
What is the tens digit of 1865?
6
What is the units digit of 7394?
4
What is the ten thousands digit of 115064?
1
What is the thousands digit of 13768?
3
What is the units digit of 963?
3
What is the tens digit of 60661?
6
What is the units digit of 7458?
8
What is the tens digit of 1062?
6
What is the units digit of 5272?
2
What is the ten thousands digit of 49916?
4
What is the thousands digit of 1164?
1
What is the units digit of 23140?
0
What is the units digit of 10315?
5
What is the ten thousands digit of 38887?
3
What is the thousands digit of 3138?
3
What is the thousands digit of 9805?
9
What is the units digit of 2339?
9
What is the thousands digit of 1389?
1
What is the hundreds digit of 966?
9
What is the ten thousands digit of 12749?
1
What is the hundreds digit of 18608?
6
What is the units digit of 65372?
2
What is the tens digit of 47529?
2
What is the thousands digit of 5596?
5
What is the thousands digit of 1306?
1
What is the tens digit of 50788?
8
What is the units digit of 33?
3
What is the ten thousands digit of 15814?
1
What is the hundreds digit of 1902?
9
What is the tens digit of 677?
7
What is the hundreds digit of 492?
4
What is the thousands digit of 3909?
3
What is the units digit of 547?
7
What is the units digit of 88?
8
What is the tens digit of 57101?
0
What is the tens digit of 11441?
4
What is the thousands digit of 1247?
1
What is the units digit of 8938?
8
What is the units digit of 53134?
4
What is the tens digit of 29526?
2
What is the units digit of 39?
9
What is the units digit of 70109?
9
What is the thousands digit of 37904?
7
What is the thousands digit of 14298?
4
What is the units digit of 464?
4
What is the units digit of 7726?
6
What is the units digit of 440?
0
What is the thousands digit of 19202?
9
What is the units digit of 773?
3
What is the thousands digit of 5622?
5
What is the units digit of 54700?
0
What is the units digit of 140?
0
What is the hundreds digit of 752?
7
What is the tens digit of 49396?
9
What is the ten thousands digit of 11308?
1
What is the hundreds digit of 565?
5
What is the tens digit of 4796?
9
What is the tens digit of 6782?
8
What is the units digit of 26655?
5
What is the units digit of 807?
7
What is the hundreds digit of 3173?
1
What is the tens digit of 4686?
8
What is the tens digit of 3002?
0
What is the tens digit of 955?
5
What is the tens digit of 1055?
5
What is the units digit of 5649?
9
What is the thousands digit of 1537?
1
What is the thousands digit of 12568?
2
What is the units digit of 39340?
0
What is the tens digit of 13240?
4
What is the tens digit of 14903?
0
What is the thousands digit of 3548?
3
What is the hundreds digit of 1868?
8
What is the hundreds digit of 507?
5
What is the units digit of 8750?
0
What is the units digit of 2240?
0
What is the ten thousands digit of 10983?
1
What is the thousands digit of 2661?
2
What is the thousands digit of 11137?
1
What is the thousands digit of 46166?
6
What is the ten thousands digit of 20632?
2
What is the tens digit of 8926?
2
What is the thousands digit of 2314?
2
What is the hundreds digit of 62010?
0
What is the hundreds digit of 1043?
0
What is the thousands digit of 2050?
2
What is the thousands digit of 7402?
7
What is the hundreds digit of 2180?
1
What is the tens digit of 12173?
7
What is the hundreds digit of 43159?
1
What is the units digit of 5331?
1
What is the hundreds digit of 2035?
0
What is the thousands digit of 2817?
2
What is the tens digit of 11065?
6
What is the hundreds digit of 392?
3
What is the tens digit of 170?
7
What is the units digit of 1305?
5
What is the units digit of 13057?
7
What is the thousands digit of 1621?
1
What is the units digit of 6037?
7
What is the ten thousands digit of 94265?
9
What is the tens digit of 1860?
6
What is the hundreds digit of 48597?
5
What is the units digit of 976?
6
What is the hundreds digit of 6698?
6
What is the tens digit of 23418?
1
What is the ten thousands digit of 14592?
1
What is the units digit of 958?
8
What is the units digit of 1100?
0
What is the hundreds digit of 1065?
0
What is the thousands digit of 14782?
4
What is the units digit of 94717?
7
What is the thousands digit of 12191?
2
What is the units digit of 6256?
6
What is the units digit of 1209?
9
What is the units digit of 8604?
4
What is the units digit of 398?
8
What is the thousands digit of 72294?
2
What is the units digit of 4603?
3
What is the units digit of 935?
5
What is the hundreds digit of 751?
7
What is the units digit of 19381?
1
What is the hundreds digit of 887?
8
What is the units digit of 916?
6
What is the units digit of 90047?
7
What is the ten thousands digit of 44331?
4
What is the units digit of 318?
8
What is the tens digit of 6722?
2
What is the tens digit of 50407?
0
What is the units digit of 6281?
1
What is the units digit of 134?
4
What is the hundreds digit of 113?
1
What is the tens digit of 815?
1
What is the tens digit of 9898?
9
What is the units digit of 57283?
3
What is the hundreds digit of 13280?
2
What is the hundreds digit of 25189?
1
What is the units digit of 668?
8
What is the hundreds digit of 943?
9
What is the tens digit of 3191?
9
What is the tens digit of 644?
4
What is the units digit of 647?
7
What is the hundred thousands digit of 108905?
1
What is the thousands digit of 7283?
7
What is the ten thousands digit of 44756?
4
What is the thousands digit of 36989?
6
What is the thousands digit of 2541?
2
What is the units digit of 26414?
4
What is the hundreds digit of 72392?
3
What is the hundreds digit of 3355?
3
What is the hundreds digit of 2239?
2
What is the thousands digit of 1156?
1
What is the thousands digit of 104658?
4
What is the ten thousands